 9752131 is divided by 26.
25
Calculate the remainder when 442521 is divided by 12642.
51
Calculate the remainder when 38308 is divided by 9208.
1476
Calculate the remainder when 666558 is divided by 214.
162
What is the remainder when 115148577 is divided by 1086?
1083
Calculate the remainder when 3049654 is divided by 1524803.
48
What is the remainder when 59071 is divided by 100?
71
Calculate the remainder when 79048 is divided by 1575.
298
What is the remainder when 440253 is divided by 73372?
21
Calculate the remainder when 10691 is divided by 469.
373
Calculate the remainder when 92711 is divided by 1970.
121
Calculate the remainder when 211569 is divided by 3526.
9
Calculate the remainder when 294314 is divided by 15.
14
Calculate the remainder when 4745499 is divided by 20997.
177
Calculate the remainder when 387105 is divided by 6144.
33
What is the remainder when 35730157 is divided by 296?
293
What is the remainder when 240879097 is divided by 80293031?
4
What is the remainder when 273261552 is divided by 45?
42
What is the remainder when 345495 is divided by 1010?
75
Calculate the remainder when 35094 is divided by 8254.
2078
What is the remainder when 13573309 is divided by 22?
13
Calculate the remainder when 2562650 is divided by 135.
80
What is the remainder when 6399186 is divided by 220661?
17
Calculate the remainder when 2884910 is divided by 1494.
1490
What is the remainder when 6923 is divided by 1992?
947
Calculate the remainder when 306675868 is divided by 102225286.
10
What is the remainder when 15471060 is divided by 55?
0
What is the remainder when 11537719 is divided by 781?
6
Calculate the remainder when 90600 is divided by 2288.
1368
What is the remainder when 3283750 is divided by 97?
9
What is the remainder when 113305 is divided by 28302?
97
Calculate the remainder when 3351626 is divided by 59850.
26
What is the remainder when 79820 is divided by 760?
20
What is the remainder when 449345 is divided by 9560?
25
What is the remainder when 7623306 is divided by 727?
711
What is the remainder when 145418540 is divided by 18?
14
Calculate the remainder when 7551589 is divided by 75.
64
What is the remainder when 401904927 is divided by 30?
27
What is the remainder when 182412 is divided by 4446?
126
What is the remainder when 1234637 is divided by 7527?
209
Calculate the remainder when 1645452 is divided by 3.
0
What is the remainder when 47823744 is divided by 7278?
6
Calculate the remainder when 4300048 is divided by 226280.
728
Calculate the remainder when 5831698 is divided by 1457560.
1458
What is the remainder when 199829 is divided by 51?
11
Calculate the remainder when 289494 is divided by 1397.
315
What is the remainder when 2010960 is divided by 251349?
168
What is the remainder when 1066821 is divided by 24?
21
What is the remainder when 18803591 is divided by 1303?
1301
What is the remainder when 85323 is divided by 1896?
3
What is the remainder when 427884 is divided by 13786?
518
Calculate the remainder when 43415119 is divided by 112.
111
What is the remainder when 143474 is divided by 839?
5
Calculate the remainder when 1035573 is divided by 152.
149
Calculate the remainder when 12310050 is divided by 3394.
12
Calculate the remainder when 792152 is divided by 205.
32
Calculate the remainder when 99589 is divided by 15832.
4597
What is the remainder when 508323 is divided by 13723?
572
What is the remainder when 531594 is divided by 3407?
102
What is the remainder when 16181162 is divided by 8090568?
26
What is the remainder when 52232 is divided by 792?
752
Calculate the remainder when 21762342 is divided by 1192.
1190
Calculate the remainder when 16274822 is divided by 707600.
22
What is the remainder when 124295 is divided by 4?
3
What is the remainder when 142514111 is divided by 35628527?
3
Calculate the remainder when 594096 is divided by 118811.
41
What is the remainder when 1114888 is divided by 1247?
70
What is the remainder when 18283088 is divided by 106297?
4
Calculate the remainder when 525590 is divided by 7963.
32
Calculate the remainder when 3198824 is divided by 1066264.
32
What is the remainder when 41657 is divided by 481?
291
Calculate the remainder when 160848737 is divided by 533.
530
Calculate the remainder when 386344 is divided by 193144.
56
Calculate the remainder when 27395 is divided by 2470.
225
What is the remainder when 92985 is divided by 5162?
69
What is the remainder when 176779 is divided by 25253?
8
What is the remainder when 472625 is divided by 472014?
611
What is the remainder when 274538 is divided by 91414?
296
Calculate the remainder when 95889 is divided by 939.
111
What is the remainder when 64833364 is divided by 923?
921
Calculate the remainder when 1128610 is divided by 125293.
973
What is the remainder when 111313382 is divided by 1250712?
14
Calculate the remainder when 8978 is divided by 173.
155
Calculate the remainder when 1076761 is divided by 186.
7
Calculate the remainder when 2014145 is divided by 41.
20
Calculate the remainder when 238355851 is divided by 253.
250
What is the remainder when 14938 is divided by 2198?
1750
What is the remainder when 5719595 is divided by 27765?
5
What is the remainder when 433473 is divided by 432630?
843
Calculate the remainder when 434283 is divided by 27135.
123
Calculate the remainder when 559575 is divided by 8468.
687
What is the remainder when 270887 is divided by 7739?
22
What is the remainder when 663544 is divided by 6770?
84
Calculate the remainder when 189005 is divided by 936.
869
Calculate the remainder when 159021 is divided by 2026.
993
Calculate the remainder when 1053575 is divided by 181.
155
What is the remainder when 352739 is divided by 8603?
16
Calculate the remainder when 57119 is divided by 28550.
19
Calculate the remainder when 39141 is divided by 19557.
27
What is the remainder when 2986504 is divided by 10264?
9944
Calculate the remainder when 7304024 is divided by 1026.
956
What is the remainder when 41339071 is divided by 379?
25
What is the remainder when 572004 is divided by 1430?
4
What is the remainder when 9121490 is divided by 570088?
82
What is the remainder when 14874629 is divided by 323361?
23
Calculate the remainder when 29888739 is divided by 2063.
2058
What is the remainder when 19422641 is divided by 88?
73
What is the remainder when 497416 is divided by 82898?
28
Calculate the remainder when 10892731 is divided by 476.
423
What is the remainder when 3616852 is divided by 863?
19
Calculate the remainder when 3166802 is divided by 121.
111
What is the remainder when 2371295 is divided by 40190?
85
What is the remainder when 153809 is divided by 4961?
18
What is the remainder when 3473687 is divided by 22266?
191
What is the remainder when 96471 is divided by 47774?
923
What is the remainder when 308449 is divided by 316?
33
What is the remainder when 4082428 is divided by 1335?
1333
Calculate the remainder when 1853396 is divided by 9130.
6
What is the remainder when 54462 is divided by 2147?
787
Calculate the remainder when 8034620 is divided by 669549.
32
Calculate the remainder when 95560829 is divided by 1635.
1619
Calculate the remainder when 1863894 is divided by 6783.
5352
What is the remainder when 115022793 is divided by 31?
21
Calculate the remainder when 3238096 is divided by 26.
4
Calculate the remainder when 798879 is divided by 10791.
345
Calculate the remainder when 16500174 is divided by 44.
42
What is the remainder when 6059 is divided by 2895?
269
What is the remainder when 441627 is divided by 3177?
24
Calculate the remainder when 54847423 is divided by 34.
17
Calculate the remainder when 51846 is divided by 8496.
870
What is the remainder when 25528 is divided by 8331?
535
What is the remainder when 50446172 is divided by 1502?
0
Calculate the remainder when 187934 is divided by 328.
318
Calculate the remainder when 234379 is divided by 29281.
131
Calculate the remainder when 7420191 is divided by 203.
135
What is the remainder when 9876203 is divided by 125015?
18
What is the remainder when 91587854 is divided by 17?
14
What is the remainder when 225478 is divided by 24954?
892
Calculate the remainder when 1243890 is divided by 100.
90
What is the